{"id":65,"date":"2023-09-22T21:25:06","date_gmt":"2023-09-22T19:25:06","guid":{"rendered":"https:\/\/new.yamahakatowice.pl\/?page_id=65"},"modified":"2025-08-31T17:11:49","modified_gmt":"2025-08-31T15:11:49","slug":"wokal-pmc-vo","status":"publish","type":"page","link":"https:\/\/www.yamahakatowice.pl\/index.php\/programy-nauczania\/wokal-pmc-vo\/","title":{"rendered":"Wokal (PMC-VO)"},"content":{"rendered":"\n<figure class=\"wp-block-image size-full\"><img loading=\"lazy\" decoding=\"async\" width=\"660\" height=\"200\" src=\"https:\/\/new.yamahakatowice.pl\/wp-content\/uploads\/2023\/09\/pmc_vocal.jpg\" alt=\"\" class=\"wp-image-104\" srcset=\"https:\/\/www.yamahakatowice.pl\/wp-content\/uploads\/2023\/09\/pmc_vocal.jpg 660w, https:\/\/www.yamahakatowice.pl\/wp-content\/uploads\/2023\/09\/pmc_vocal-300x91.jpg 300w\" sizes=\"auto, (max-width: 660px) 100vw, 660px\" \/><\/figure>\n\n\n\n<p>\u201cPopular Music Course \u2013 Wokal\u201d to program dla os\u00f3b od 9. roku \u017cycia<\/p>\n\n\n\n<p>G\u0142\u00f3wnym celem kursu jest:<\/p>\n\n\n\n<ul class=\"wp-block-list\">\n<li>praktyczne podej\u015bcie do nauczania;<\/li>\n\n\n\n<li>opanowanie wszystkich technik oddechowych i wokalnych;<\/li>\n\n\n\n<li>nowe impulsy na ka\u017cdym poziomie;<\/li>\n\n\n\n<li>przygotowanie do \u015bpiewania w zespole lub ch\u00f3rze.<\/li>\n<\/ul>\n\n\n\n<p><strong>Kto mo\u017ce bra\u0107 udzia\u0142?<\/strong><br>Dzieci od 9. roku \u017cycia, m\u0142odzie\u017c i doro\u015bli<\/p>\n\n\n\n<p><strong>Czas trwania lekcji:<\/strong><br>55 minut (3-6 uczestnik\u00f3w)<br>45 minut (1-2 uczestnik\u00f3w)<\/p>\n\n\n\n<p><strong>Miesi\u0119czna rata za kurs:<\/strong><br>260 z\u0142 &#8211; zaj\u0119cia grupowe<br>360 z\u0142 &#8211; zaj\u0119cia indywidualne<\/p>\n\n\n\n<p><strong>Nauczyciele<\/strong>:<br><a href=\"https:\/\/www.yamahakatowice.pl\/index.php\/nauczyciele\/kajetan-balcer\/\" data-type=\"page\" data-id=\"183\">Kajetan Balcer-Pinocci<\/a><\/p>\n\n\n<div class=\"wp-block-image\">\n<figure class=\"aligncenter size-full\"><a href=\"https:\/\/www.yamahakatowice.pl\/index.php\/lekcja-probna\/\"><img loading=\"lazy\" decoding=\"async\" width=\"1830\" height=\"420\" src=\"https:\/\/www.yamahakatowice.pl\/wp-content\/uploads\/2025\/08\/5-krokow.jpeg\" alt=\"\" class=\"wp-image-1222\" srcset=\"https:\/\/www.yamahakatowice.pl\/wp-content\/uploads\/2025\/08\/5-krokow.jpeg 1830w, https:\/\/www.yamahakatowice.pl\/wp-content\/uploads\/2025\/08\/5-krokow-300x69.jpeg 300w, https:\/\/www.yamahakatowice.pl\/wp-content\/uploads\/2025\/08\/5-krokow-1024x235.jpeg 1024w, https:\/\/www.yamahakatowice.pl\/wp-content\/uploads\/2025\/08\/5-krokow-768x176.jpeg 768w, https:\/\/www.yamahakatowice.pl\/wp-content\/uploads\/2025\/08\/5-krokow-1536x353.jpeg 1536w\" sizes=\"auto, (max-width: 1830px) 100vw, 1830px\" \/><\/a><\/figure>\n<\/div>","protected":false},"excerpt":{"rendered":"<p>\u201cPopular Music Course \u2013 Wokal\u201d to program dla os\u00f3b od 9. roku \u017cycia G\u0142\u00f3wnym celem kursu jest: Kto mo\u017ce bra\u0107 udzia\u0142?Dzieci od 9. roku \u017cycia, m\u0142odzie\u017c i doro\u015bli Czas trwania lekcji:55 minut (3-6 uczestnik\u00f3w)45 minut (1-2 uczestnik\u00f3w) Miesi\u0119czna rata za kurs:260 z\u0142 &#8211; zaj\u0119cia grupowe360 z\u0142 &#8211; zaj\u0119cia indywidualne Nauczyciele:Kajetan Balcer-Pinocci<\/p>\n","protected":false},"author":1,"featured_media":0,"parent":27,"menu_order":15,"comment_status":"closed","ping_status":"closed","template":"","meta":{"footnotes":""},"class_list":["post-65","page","type-page","status-publish","hentry"],"_links":{"self":[{"href":"https:\/\/www.yamahakatowice.pl\/index.php\/wp-json\/wp\/v2\/pages\/65","targetHints":{"allow":["GET"]}}],"collection":[{"href":"https:\/\/www.yamahakatowice.pl\/index.php\/wp-json\/wp\/v2\/pages"}],"about":[{"href":"https:\/\/www.yamahakatowice.pl\/index.php\/wp-json\/wp\/v2\/types\/page"}],"author":[{"embeddable":true,"href":"https:\/\/www.yamahakatowice.pl\/index.php\/wp-json\/wp\/v2\/users\/1"}],"replies":[{"embeddable":true,"href":"https:\/\/www.yamahakatowice.pl\/index.php\/wp-json\/wp\/v2\/comments?post=65"}],"version-history":[{"count":8,"href":"https:\/\/www.yamahakatowice.pl\/index.php\/wp-json\/wp\/v2\/pages\/65\/revisions"}],"predecessor-version":[{"id":1437,"href":"https:\/\/www.yamahakatowice.pl\/index.php\/wp-json\/wp\/v2\/pages\/65\/revisions\/1437"}],"up":[{"embeddable":true,"href":"https:\/\/www.yamahakatowice.pl\/index.php\/wp-json\/wp\/v2\/pages\/27"}],"wp:attachment":[{"href":"https:\/\/www.yamahakatowice.pl\/index.php\/wp-json\/wp\/v2\/media?parent=65"}],"curies":[{"name":"wp","href":"https:\/\/api.w.org\/{rel}","templated":true}]}}

<figure class="wp-block-image size-full"><img loading="lazy" decoding="async" width="660" height="200" src="https://new.yamahakatowice.pl/wp-content/uploads/2023/09/pmc_vocal.jpg" alt="" class="wp-image-104" srcset="https://www.yamahakatowice.pl/wp-content/uploads/2023/09/pmc_vocal.jpg 660w, https://www.yamahakatowice.pl/wp-content/uploads/2023/09/pmc_vocal-300x91.jpg 300w" sizes="auto, (max-width: 660px) 100vw, 660px" /></figure>



<p>“Popular Music Course – Wokal” to program dla osób od 9. roku życia</p>



<p>Głównym celem kursu jest:</p>



<ul class="wp-block-list">
<li>praktyczne podejście do nauczania;</li>



<li>opanowanie wszystkich technik oddechowych i wokalnych;</li>



<li>nowe impulsy na każdym poziomie;</li>



<li>przygotowanie do śpiewania w zespole lub chórze.</li>
</ul>



<p><strong>Kto może brać udział?</strong><br>Dzieci od 9. roku życia, młodzież i dorośli</p>



<p><strong>Czas trwania lekcji:</strong><br>55 minut (3-6 uczestników)<br>45 minut (1-2 uczestników)</p>



<p><strong>Miesięczna rata za kurs:</strong><br>260 zł &#8211; zajęcia grupowe<br>360 zł &#8211; zajęcia indywidualne</p>



<p><strong>Nauczyciele</strong>:<br><a href="https://www.yamahakatowice.pl/index.php/nauczyciele/kajetan-balcer/" data-type="page" data-id="183">Kajetan Balcer-Pinocci</a></p>


<div class="wp-block-image">
<figure class="aligncenter size-full"><a href="https://www.yamahakatowice.pl/index.php/lekcja-probna/"><img loading="lazy" decoding="async" width="1830" height="420" src="https://www.yamahakatowice.pl/wp-content/uploads/2025/08/5-krokow.jpeg" alt="" class="wp-image-1222" srcset="https://www.yamahakatowice.pl/wp-content/uploads/2025/08/5-krokow.jpeg 1830w, https://www.yamahakatowice.pl/wp-content/uploads/2025/08/5-krokow-300x69.jpeg 300w, https://www.yamahakatowice.pl/wp-content/uploads/2025/08/5-krokow-1024x235.jpeg 1024w, https://www.yamahakatowice.pl/wp-content/uploads/2025/08/5-krokow-768x176.jpeg 768w, https://www.yamahakatowice.pl/wp-content/uploads/2025/08/5-krokow-1536x353.jpeg 1536w" sizes="auto, (max-width: 1830px) 100vw, 1830px" /></a></figure>
</div>

<p>“Popular Music Course – Wokal” to program dla osób od 9. roku życia Głównym celem kursu jest: Kto może brać udział?Dzieci od 9. roku życia, młodzież i dorośli Czas trwania lekcji:55 minut (3-6 uczestników)45 minut (1-2 uczestników) Miesięczna rata za kurs:260 zł &#8211; zajęcia grupowe360 zł &#8211; zajęcia indywidualne Nauczyciele:Kajetan Balcer-Pinocci</p>
