{"id":202,"date":"2023-10-03T21:48:09","date_gmt":"2023-10-03T19:48:09","guid":{"rendered":"https:\/\/new.yamahakatowice.pl\/?page_id=202"},"modified":"2024-09-17T13:40:23","modified_gmt":"2024-09-17T11:40:23","slug":"wiktoria-janczyk","status":"publish","type":"page","link":"https:\/\/www.yamahakatowice.pl\/index.php\/nauczyciele\/wiktoria-janczyk\/","title":{"rendered":"Wiktoria Ja\u0144czyk"},"content":{"rendered":"\n<p><em><em>Szkraby i Muzyka<br>Niemowlaki w Krainie D\u017awi\u0119k\u00f3w<br>Junior Music Course<\/em><\/em><\/p>\n\n\n\n<div class=\"wp-block-media-text is-stacked-on-mobile is-vertically-aligned-top\" style=\"grid-template-columns:40% auto\"><figure class=\"wp-block-media-text__media\"><img loading=\"lazy\" decoding=\"async\" width=\"768\" height=\"1024\" src=\"https:\/\/new.yamahakatowice.pl\/wp-content\/uploads\/2023\/10\/Janczyk-Wiktoria_-768x1024.jpg\" alt=\"\" class=\"wp-image-166 size-full\" srcset=\"https:\/\/www.yamahakatowice.pl\/wp-content\/uploads\/2023\/10\/Janczyk-Wiktoria_-768x1024.jpg 768w, https:\/\/www.yamahakatowice.pl\/wp-content\/uploads\/2023\/10\/Janczyk-Wiktoria_-225x300.jpg 225w, https:\/\/www.yamahakatowice.pl\/wp-content\/uploads\/2023\/10\/Janczyk-Wiktoria_-1152x1536.jpg 1152w, https:\/\/www.yamahakatowice.pl\/wp-content\/uploads\/2023\/10\/Janczyk-Wiktoria_-1536x2048.jpg 1536w, https:\/\/www.yamahakatowice.pl\/wp-content\/uploads\/2023\/10\/Janczyk-Wiktoria_-scaled.jpg 1920w\" sizes=\"auto, (max-width: 768px) 100vw, 768px\" \/><\/figure><div class=\"wp-block-media-text__content\">\n<p>Wiktoria swoj\u0105 muzyczn\u0105 przygod\u0119 rozpocz\u0119\u0142a w wieku 3 lat w Szkole Muzycznej Yamaha w Lubli\u0144cu. Od najm\u0142odszych lat jest pe\u0142na energii i nieko\u0144cz\u0105cych si\u0119 pomys\u0142\u00f3w, dzi\u0119ki kt\u00f3rym przekazuje ca\u0142\u0105 zdobyt\u0105 wiedz\u0119 z zainteresowaniem. Najwi\u0119cej rado\u015bci sprawia jej, gdy widzi u\u015bmiech na twarzach dzieci, z kt\u00f3rymi muzykuje.<\/p>\n\n\n\n<p>Obecnie jest studentk\u0105 Akademii Muzycznej w Katowicach na specjalno\u015bci: rytmika i przedmioty og\u00f3lnomuzyczne. Pragnie dalej doskonali\u0107 swoje umiej\u0119tno\u015bci pod okiem najlepszych profesor\u00f3w. W wolnych chwilach odkrywa pi\u0119kno polskich g\u00f3r.<\/p>\n<\/div><\/div>\n","protected":false},"excerpt":{"rendered":"<p>Szkraby i MuzykaNiemowlaki w Krainie D\u017awi\u0119k\u00f3wJunior Music Course Wiktoria swoj\u0105 muzyczn\u0105 przygod\u0119 rozpocz\u0119\u0142a w wieku 3 lat w Szkole Muzycznej Yamaha w Lubli\u0144cu. Od najm\u0142odszych lat jest pe\u0142na energii i nieko\u0144cz\u0105cych si\u0119 pomys\u0142\u00f3w, dzi\u0119ki kt\u00f3rym przekazuje ca\u0142\u0105 zdobyt\u0105 wiedz\u0119 z zainteresowaniem. Najwi\u0119cej rado\u015bci sprawia jej, gdy widzi u\u015bmiech na twarzach dzieci, z kt\u00f3rymi muzykuje. Obecnie [&hellip;]<\/p>\n","protected":false},"author":1,"featured_media":166,"parent":150,"menu_order":0,"comment_status":"closed","ping_status":"closed","template":"","meta":{"footnotes":""},"class_list":["post-202","page","type-page","status-publish","has-post-thumbnail","hentry"],"_links":{"self":[{"href":"https:\/\/www.yamahakatowice.pl\/index.php\/wp-json\/wp\/v2\/pages\/202","targetHints":{"allow":["GET"]}}],"collection":[{"href":"https:\/\/www.yamahakatowice.pl\/index.php\/wp-json\/wp\/v2\/pages"}],"about":[{"href":"https:\/\/www.yamahakatowice.pl\/index.php\/wp-json\/wp\/v2\/types\/page"}],"author":[{"embeddable":true,"href":"https:\/\/www.yamahakatowice.pl\/index.php\/wp-json\/wp\/v2\/users\/1"}],"replies":[{"embeddable":true,"href":"https:\/\/www.yamahakatowice.pl\/index.php\/wp-json\/wp\/v2\/comments?post=202"}],"version-history":[{"count":3,"href":"https:\/\/www.yamahakatowice.pl\/index.php\/wp-json\/wp\/v2\/pages\/202\/revisions"}],"predecessor-version":[{"id":949,"href":"https:\/\/www.yamahakatowice.pl\/index.php\/wp-json\/wp\/v2\/pages\/202\/revisions\/949"}],"up":[{"embeddable":true,"href":"https:\/\/www.yamahakatowice.pl\/index.php\/wp-json\/wp\/v2\/pages\/150"}],"wp:featuredmedia":[{"embeddable":true,"href":"https:\/\/www.yamahakatowice.pl\/index.php\/wp-json\/wp\/v2\/media\/166"}],"wp:attachment":[{"href":"https:\/\/www.yamahakatowice.pl\/index.php\/wp-json\/wp\/v2\/media?parent=202"}],"curies":[{"name":"wp","href":"https:\/\/api.w.org\/{rel}","templated":true}]}}