{"id":185,"date":"2023-10-03T16:43:02","date_gmt":"2023-10-03T14:43:02","guid":{"rendered":"https:\/\/new.yamahakatowice.pl\/?page_id=185"},"modified":"2024-09-17T13:13:26","modified_gmt":"2024-09-17T11:13:26","slug":"bartosz-bezeglow","status":"publish","type":"page","link":"https:\/\/www.yamahakatowice.pl\/index.php\/nauczyciele\/bartosz-bezeglow\/","title":{"rendered":"Bartosz Bezeg\u0142\u00f3w"},"content":{"rendered":"\n<p><em>Junior Music Course<br>Junior Extension Course<br>Junior Step Fundamental Course<br>Fun Key Kids<br>Fun Key<br>Play for Keeps<br>PianoForte<\/em><\/p>\n\n\n\n<div class=\"wp-block-media-text is-stacked-on-mobile is-vertically-aligned-top\" style=\"grid-template-columns:40% auto\"><figure class=\"wp-block-media-text__media\"><img loading=\"lazy\" decoding=\"async\" width=\"1024\" height=\"1024\" src=\"https:\/\/new.yamahakatowice.pl\/wp-content\/uploads\/2023\/10\/Bezeglow-Bartosz_-1024x1024.jpg\" alt=\"\" class=\"wp-image-170 size-full\" srcset=\"https:\/\/www.yamahakatowice.pl\/wp-content\/uploads\/2023\/10\/Bezeglow-Bartosz_-1024x1024.jpg 1024w, https:\/\/www.yamahakatowice.pl\/wp-content\/uploads\/2023\/10\/Bezeglow-Bartosz_-300x300.jpg 300w, https:\/\/www.yamahakatowice.pl\/wp-content\/uploads\/2023\/10\/Bezeglow-Bartosz_-150x150.jpg 150w, https:\/\/www.yamahakatowice.pl\/wp-content\/uploads\/2023\/10\/Bezeglow-Bartosz_-768x767.jpg 768w, https:\/\/www.yamahakatowice.pl\/wp-content\/uploads\/2023\/10\/Bezeglow-Bartosz_.jpg 1082w\" sizes=\"auto, (max-width: 1024px) 100vw, 1024px\" \/><\/figure><div class=\"wp-block-media-text__content\">\n<p>Absolwent Uniwersytetu \u015al\u0105skiego w Katowicach na kierunku Edukacja Artystyczna w zakresie sztuki muzycznej, specjalno\u015b\u0107: instrumentalistyka, arteterapia. W m\u0142odo\u015bci przez wiele lat ucz\u0119szcza\u0142 do Szko\u0142y Muzycznej YAMAHA w Rybniku.<\/p>\n\n\n\n<p>Zawodowo: Dyrektor ds. Sprzeda\u017cy w najwi\u0119kszej firmie outsourcingowej w Polsce, Nauczyciel Muzyki, Muzyk, Wokalista, Konferansjer, Aran\u017cer. Wielokrotny laureat Og\u00f3lnopolskich, Europejskich i Og\u00f3lno\u015bwiatowych Festiwali Muzycznych. Zawodowo zwi\u0105zany z Polsk\u0105 scen\u0105 muzyczn\u0105 od 2007 roku. Do dzi\u015b aktywnie koncertuj\u0105cy na scenach w ca\u0142ym kraju. <\/p>\n\n\n\n<p>Prywatnie: M\u0105\u017c Natalii i ojciec dw\u00f3ch wspania\u0142ych ch\u0142opak\u00f3w Franciszka i Antoniego.<\/p>\n<\/div><\/div>\n","protected":false},"excerpt":{"rendered":"<p>Junior Music CourseJunior Extension CourseJunior Step Fundamental CourseFun Key KidsFun KeyPlay for KeepsPianoForte Absolwent Uniwersytetu \u015al\u0105skiego w Katowicach na kierunku Edukacja Artystyczna w zakresie sztuki muzycznej, specjalno\u015b\u0107: instrumentalistyka, arteterapia. W m\u0142odo\u015bci przez wiele lat ucz\u0119szcza\u0142 do Szko\u0142y Muzycznej YAMAHA w Rybniku. Zawodowo: Dyrektor ds. Sprzeda\u017cy w najwi\u0119kszej firmie outsourcingowej w Polsce, Nauczyciel Muzyki, Muzyk, Wokalista, [&hellip;]<\/p>\n","protected":false},"author":1,"featured_media":170,"parent":150,"menu_order":0,"comment_status":"closed","ping_status":"closed","template":"","meta":{"footnotes":""},"class_list":["post-185","page","type-page","status-publish","has-post-thumbnail","hentry"],"_links":{"self":[{"href":"https:\/\/www.yamahakatowice.pl\/index.php\/wp-json\/wp\/v2\/pages\/185","targetHints":{"allow":["GET"]}}],"collection":[{"href":"https:\/\/www.yamahakatowice.pl\/index.php\/wp-json\/wp\/v2\/pages"}],"about":[{"href":"https:\/\/www.yamahakatowice.pl\/index.php\/wp-json\/wp\/v2\/types\/page"}],"author":[{"embeddable":true,"href":"https:\/\/www.yamahakatowice.pl\/index.php\/wp-json\/wp\/v2\/users\/1"}],"replies":[{"embeddable":true,"href":"https:\/\/www.yamahakatowice.pl\/index.php\/wp-json\/wp\/v2\/comments?post=185"}],"version-history":[{"count":3,"href":"https:\/\/www.yamahakatowice.pl\/index.php\/wp-json\/wp\/v2\/pages\/185\/revisions"}],"predecessor-version":[{"id":923,"href":"https:\/\/www.yamahakatowice.pl\/index.php\/wp-json\/wp\/v2\/pages\/185\/revisions\/923"}],"up":[{"embeddable":true,"href":"https:\/\/www.yamahakatowice.pl\/index.php\/wp-json\/wp\/v2\/pages\/150"}],"wp:featuredmedia":[{"embeddable":true,"href":"https:\/\/www.yamahakatowice.pl\/index.php\/wp-json\/wp\/v2\/media\/170"}],"wp:attachment":[{"href":"https:\/\/www.yamahakatowice.pl\/index.php\/wp-json\/wp\/v2\/media?parent=185"}],"curies":[{"name":"wp","href":"https:\/\/api.w.org\/{rel}","templated":true}]}}