{"id":1165,"date":"2025-08-21T23:41:15","date_gmt":"2025-08-21T21:41:15","guid":{"rendered":"https:\/\/www.yamahakatowice.pl\/?page_id=1165"},"modified":"2025-08-21T23:50:01","modified_gmt":"2025-08-21T21:50:01","slug":"tymoteusz-huget","status":"publish","type":"page","link":"https:\/\/www.yamahakatowice.pl\/index.php\/nauczyciele\/tymoteusz-huget\/","title":{"rendered":"Tymoteusz Huget"},"content":{"rendered":"\n<p><em>Perkusja<\/em><\/p>\n\n\n\n<div class=\"wp-block-media-text is-stacked-on-mobile is-vertically-aligned-top\" style=\"grid-template-columns:40% auto\"><figure class=\"wp-block-media-text__media\"><img loading=\"lazy\" decoding=\"async\" width=\"1024\" height=\"681\" src=\"https:\/\/www.yamahakatowice.pl\/wp-content\/uploads\/2025\/08\/B177F48C-F65B-4FB8-903A-030572032AEB-1024x681.jpeg\" alt=\"\" class=\"wp-image-1166 size-full\" srcset=\"https:\/\/www.yamahakatowice.pl\/wp-content\/uploads\/2025\/08\/B177F48C-F65B-4FB8-903A-030572032AEB-1024x681.jpeg 1024w, https:\/\/www.yamahakatowice.pl\/wp-content\/uploads\/2025\/08\/B177F48C-F65B-4FB8-903A-030572032AEB-300x200.jpeg 300w, https:\/\/www.yamahakatowice.pl\/wp-content\/uploads\/2025\/08\/B177F48C-F65B-4FB8-903A-030572032AEB-768x511.jpeg 768w, https:\/\/www.yamahakatowice.pl\/wp-content\/uploads\/2025\/08\/B177F48C-F65B-4FB8-903A-030572032AEB.jpeg 1363w\" sizes=\"auto, (max-width: 1024px) 100vw, 1024px\" \/><\/figure><div class=\"wp-block-media-text__content\">\n<p>Perkusista pochodz\u0105cy z Katowic, absolwent Akademii Muzycznej w Krakowie, aktualnie student Akademii Muzycznej w Katowicach na wydziale Jazzu.<\/p>\n\n\n\n<p>W swojej grze najwi\u0119kszy nacisk k\u0142adzie na brzmienie oraz wykorzystanie jak najszerszej palety barw z instrumentu. <\/p>\n\n\n\n<p>Laureat konkurs\u00f3w og\u00f3lnopolskich i mi\u0119dzynarodowych: Grand Prix Ladies Jazz Festival 2023, I nagroda w kategorii U25 7 Virtual Jazz Club, II miejsce Jazz Water Meetings. <\/p>\n\n\n\n<p>Aktywnie koncertuje w Polsce i za granic\u0105, wsp\u00f3\u0142pracowa\u0142 na scenie z takimi artystami jak: Paktofonika, Nikola Ko\u0142odziejczyk, Javier Girotto czy Jules Buckley. Wyst\u0119powa\u0142\u00a0m.in. w Brnie, Mediolanie, Bolonii i Luksemburgu. Aktualnie wsp\u00f3\u0142pracuje z zespo\u0142ami: Quietet, The Ancimons, Paktofonika Live Band oraz Karol Malczewski Trio.<\/p>\n<\/div><\/div>\n","protected":false},"excerpt":{"rendered":"<p>Perkusja Perkusista pochodz\u0105cy z Katowic, absolwent Akademii Muzycznej w Krakowie, aktualnie student Akademii Muzycznej w Katowicach na wydziale Jazzu. W swojej grze najwi\u0119kszy nacisk k\u0142adzie na brzmienie oraz wykorzystanie jak najszerszej palety barw z instrumentu. Laureat konkurs\u00f3w og\u00f3lnopolskich i mi\u0119dzynarodowych: Grand Prix Ladies Jazz Festival 2023, I nagroda w kategorii U25 7 Virtual Jazz Club, [&hellip;]<\/p>\n","protected":false},"author":4,"featured_media":0,"parent":150,"menu_order":0,"comment_status":"closed","ping_status":"closed","template":"","meta":{"footnotes":""},"class_list":["post-1165","page","type-page","status-publish","hentry"],"_links":{"self":[{"href":"https:\/\/www.yamahakatowice.pl\/index.php\/wp-json\/wp\/v2\/pages\/1165","targetHints":{"allow":["GET"]}}],"collection":[{"href":"https:\/\/www.yamahakatowice.pl\/index.php\/wp-json\/wp\/v2\/pages"}],"about":[{"href":"https:\/\/www.yamahakatowice.pl\/index.php\/wp-json\/wp\/v2\/types\/page"}],"author":[{"embeddable":true,"href":"https:\/\/www.yamahakatowice.pl\/index.php\/wp-json\/wp\/v2\/users\/4"}],"replies":[{"embeddable":true,"href":"https:\/\/www.yamahakatowice.pl\/index.php\/wp-json\/wp\/v2\/comments?post=1165"}],"version-history":[{"count":2,"href":"https:\/\/www.yamahakatowice.pl\/index.php\/wp-json\/wp\/v2\/pages\/1165\/revisions"}],"predecessor-version":[{"id":1181,"href":"https:\/\/www.yamahakatowice.pl\/index.php\/wp-json\/wp\/v2\/pages\/1165\/revisions\/1181"}],"up":[{"embeddable":true,"href":"https:\/\/www.yamahakatowice.pl\/index.php\/wp-json\/wp\/v2\/pages\/150"}],"wp:attachment":[{"href":"https:\/\/www.yamahakatowice.pl\/index.php\/wp-json\/wp\/v2\/media?parent=1165"}],"curies":[{"name":"wp","href":"https:\/\/api.w.org\/{rel}","templated":true}]}}

<p><em>Perkusja</em></p>



<div class="wp-block-media-text is-stacked-on-mobile is-vertically-aligned-top" style="grid-template-columns:40% auto"><figure class="wp-block-media-text__media"><img loading="lazy" decoding="async" width="1024" height="681" src="https://www.yamahakatowice.pl/wp-content/uploads/2025/08/B177F48C-F65B-4FB8-903A-030572032AEB-1024x681.jpeg" alt="" class="wp-image-1166 size-full" srcset="https://www.yamahakatowice.pl/wp-content/uploads/2025/08/B177F48C-F65B-4FB8-903A-030572032AEB-1024x681.jpeg 1024w, https://www.yamahakatowice.pl/wp-content/uploads/2025/08/B177F48C-F65B-4FB8-903A-030572032AEB-300x200.jpeg 300w, https://www.yamahakatowice.pl/wp-content/uploads/2025/08/B177F48C-F65B-4FB8-903A-030572032AEB-768x511.jpeg 768w, https://www.yamahakatowice.pl/wp-content/uploads/2025/08/B177F48C-F65B-4FB8-903A-030572032AEB.jpeg 1363w" sizes="auto, (max-width: 1024px) 100vw, 1024px" /></figure><div class="wp-block-media-text__content">
<p>Perkusista pochodzący z Katowic, absolwent Akademii Muzycznej w Krakowie, aktualnie student Akademii Muzycznej w Katowicach na wydziale Jazzu.</p>



<p>W swojej grze największy nacisk kładzie na brzmienie oraz wykorzystanie jak najszerszej palety barw z instrumentu. </p>



<p>Laureat konkursów ogólnopolskich i międzynarodowych: Grand Prix Ladies Jazz Festival 2023, I nagroda w kategorii U25 7 Virtual Jazz Club, II miejsce Jazz Water Meetings. </p>



<p>Aktywnie koncertuje w Polsce i za granicą, współpracował na scenie z takimi artystami jak: Paktofonika, Nikola Kołodziejczyk, Javier Girotto czy Jules Buckley. Występował m.in. w Brnie, Mediolanie, Bolonii i Luksemburgu. Aktualnie współpracuje z zespołami: Quietet, The Ancimons, Paktofonika Live Band oraz Karol Malczewski Trio.</p>
</div></div>

<p>Perkusja Perkusista pochodzący z Katowic, absolwent Akademii Muzycznej w Krakowie, aktualnie student Akademii Muzycznej w Katowicach na wydziale Jazzu. W swojej grze największy nacisk kładzie na brzmienie oraz wykorzystanie jak najszerszej palety barw z instrumentu. Laureat konkursów ogólnopolskich i międzynarodowych: Grand Prix Ladies Jazz Festival 2023, I nagroda w kategorii U25 7 Virtual Jazz Club, [&hellip;]</p>
